 millions digit of 593764021?
3
What is the billions digit of 1479073616?
1
What is the tens digit of 1299648062?
6
What is the tens digit of 114704694?
9
What is the millions digit of 560986328?
0
What is the millions digit of 190558411?
0
What is the units digit of 1402729371?
1
What is the millions digit of 22039074?
2
What is the tens digit of 29290042?
4
What is the hundreds digit of 37429123?
1
What is the hundred millions digit of 183250437?
1
What is the millions digit of 136803205?
6
What is the billions digit of 6000105544?
6
What is the thousands digit of 78213381?
3
What is the hundred thousands digit of 524745912?
7
What is the thousands digit of 1833758900?
8
What is the hundreds digit of 27456887?
8
What is the thousands digit of 3741574679?
4
What is the ten millions digit of 869988735?
6
What is the ten thousands digit of 202711043?
1
What is the hundred millions digit of 205983799?
2
What is the units digit of 402301911?
1
What is the ten thousands digit of 2829143281?
4
What is the ten thousands digit of 1745295?
4
What is the millions digit of 2400274557?
0
What is the units digit of 4027924809?
9
What is the units digit of 487502148?
8
What is the millions digit of 1860981616?
0
What is the billions digit of 1053692871?
1
What is the hundred millions digit of 314352810?
3
What is the hundreds digit of 35923210?
2
What is the tens digit of 3196607?
0
What is the hundred thousands digit of 5234484161?
4
What is the ten millions digit of 94653602?
9
What is the ten thousands digit of 72314717?
1
What is the hundreds digit of 883096398?
3
What is the hundreds digit of 16708330?
3
What is the hundreds digit of 22314064?
0
What is the hundred thousands digit of 29108740?
1
What is the millions digit of 1288056033?
8
What is the hundred thousands digit of 37880985?
8
What is the ten millions digit of 908656951?
0
What is the units digit of 161494837?
7
What is the hundred thousands digit of 109714498?
7
What is the millions digit of 696530358?
6
What is the hundreds digit of 15602244?
2
What is the hundred millions digit of 103585817?
1
What is the ten millions digit of 23507314?
2
What is the thousands digit of 63409076?
9
What is the tens digit of 496919185?
8
What is the tens digit of 67261157?
5
What is the ten millions digit of 1725988846?
2
What is the hundred thousands digit of 48905992?
9
What is the hundreds digit of 25380788?
7
What is the millions digit of 3149032?
3
What is the hundred thousands digit of 434236488?
2
What is the tens digit of 1142476860?
6
What is the hundreds digit of 645218857?
8
What is the millions digit of 45182182?
5
What is the millions digit of 904583599?
4
What is the billions digit of 1398066666?
1
What is the thousands digit of 2321174277?
4
What is the hundred millions digit of 199943073?
1
What is the thousands digit of 40143422?
3
What is the hundred thousands digit of 415843147?
8
What is the millions digit of 80497112?
0
What is the units digit of 48820355?
5
What is the ten thousands digit of 56289614?
8
What is the ten thousands digit of 750868890?
6
What is the ten millions digit of 1378187315?
7
What is the hundred millions digit of 102167992?
1
What is the tens digit of 34164478?
7
What is the millions digit of 922879165?
2
What is the units digit of 28138692?
2
What is the thousands digit of 914641069?
1
What is the hundreds digit of 68060412?
4
What is the units digit of 179971675?
5
What is the tens digit of 381930613?
1
What is the hundred millions digit of 143527276?
1
What is the ten thousands digit of 128004348?
0
What is the billions digit of 3952054260?
3
What is the thousands digit of 64249254?
9
What is the units digit of 4004165788?
8
What is the thousands digit of 4668919264?
9
What is the units digit of 1624092?
2
What is the millions digit of 1256251569?
6
What is the thousands digit of 3512174058?
4
What is the hundred millions digit of 949400666?
9
What is the millions digit of 176652797?
6
What is the thousands digit of 51696703?
6
What is the millions digit of 3318003064?
8
What is the billions digit of 1924497700?
1
What is the millions digit of 72185763?
2
What is the hundred thousands digit of 7008505535?
5
What is the ten millions digit of 86591775?
8
What is the hundreds digit of 209725239?
2
What is the ten thousands digit of 192872199?
7
What is the thousands digit of 201813285?
3
What is the hundreds digit of 230409286?
2
What is the units digit of 849077698?
8
What is the ten thousands digit of 130990475?
9
What is the ten millions digit of 841244934?
4
What is the units digit of 411147250?
0
What is the ten millions digit of 51917667?
5
What is the thousands digit of 121496503?
6
What is the thousands digit of 1929054388?
4
What is the ten thousands digit of 5411995?
1
What is the hundreds digit of 147737501?
5
What is the hundreds digit of 712728230?
2
What is the ten thousands digit of 588101231?
0
What is the hundreds digit of 145588729?
7
What is the millions digit of 892861112?
2
What is the units digit of 1326621666?
6
What is the millions digit of 1287265686?
7
What is the millions digit of 16194321?
6
What is the units digit of 54662497?
7
What is the hundred millions digit of 179736565?
1
What is the units digit of 1611682735?
5
What is the tens digit of 102149547?
4
What is the thousands digit of 195999786?
9
What is the units digit of 423728125?
5
What is the hundreds digit of 457066231?
2
What is the millions digit of 2465263?
2
What is the units digit of 210481570?
0
What is the hundreds digit of 85394648?
6
What is the thousands digit of 56362987?
2
What is the hundred millions digit of 130411053?
1
What is the millions digit of 46661121?
6
What is the units digit of 34461823?
3
What is the tens digit of 86573400?
0
What is the hundred thousands digit of 44385317?
3
What is the ten thousands digit of 61955506?
5
What is the thousands digit of 310886886?
6
What is the ten thousands digit of 283104961?
0
What is the hundred thousands digit of 1140046866?
0
What is the units digit of 21346149?
9
What is the hundreds digit of 19253776?
7
What is the hundreds digit of 771270664?
6
What is the hundreds digit of 773715215?
2
What is the billions digit of 3092260175?
3
What is the hundreds digit of 143153090?
0
What is the ten millions digit of 1210367952?
1
What is the millions digit of 1569514248?
9
What is the hundreds digit of 202962393?
3
What is the tens digit of 203810611?
1
What is the hundreds digit of 70848746?
7
What is the millions digit of 231307656?
1
What is the thousands digit of 1862487443?
7
What is the hundred thousands digit of 439121905?
1
What is the billions digit of 2542105813?
2
What is the hundred millions digit of 472206265?
4
What is the thousands digit of 34783843?
3
What is the units digit of 1892501636?
6
What is the units digit of 38228439?
9
What is the hundred millions digit of 1188071235?
1
What is the tens digit of 49453571?
7
What is the billions digit of 2308092332?
2
What is the hundred millions digit of 122773569?
1
What is the hundred millions digit of 2865430910?
8
What is the hundred millions digit of 456953465?
4
What is the ten millions digit of 13271648?
1
What is the millions digit of 431356684?
1
What is the millions digit of 135030022?
5
What is the hundred thousands digit of 171159190?
1
What is the thousands digit of 21751510?
1
What is the ten thousands digit of 4429315?
2
What is the units digit of 2668443299?
9
What is the hundred thousands digit of 111295985?
2
What is the ten millions digit of 40581077?
4
What is the hundred thousands digit of 392904558?
9
What is the thousands digit of 15818073?
8
What is the ten thousands digit of 28832880?
3
What is the ten millions digit of 72370740?
7
What is the millions digit of 263516706?
3
What is the millions digit of 6754763760?
4
What is the hundred thousands digit of 53127462?
1
What is the ten millions digit of 1374658414?
7
What is the hundreds digit of 15328896?
8
What is the tens digit of 166780546?
4
What is the tens digit of 365253959?
5
What is the hundreds digit of 51552280?
2
What is the ten thousands digit of 122856284?
5
What is the units digit of 786149391?
1
What is the billions digit of 1369266787?
1
What is the ten millions d